is divided by v.
2
Suppose -3*f - u + 3164 = 0, -3*f = -0*u + 5*u - 3184. Suppose -f = 11*n - 20*n. Calculate the remainder when n is divided by 41.
35
Let o = -239 - -256. Calculate the remainder when 420 is divided by o.
12
Suppose 336 = 16*i - 12*i. Calculate the remainder when i is divided by 46.
38
Suppose 2*i - 4*r = 6*i - 12, 0 = -4*i + 4*r + 4. Suppose 3*w = 2*n - 20 - 31, -w + 71 = i*n. Calculate the remainder when 130 is divided by n.
31
Let u(d) = -2*d**3 + 9*d**2 - 3*d + 3. Suppose 4*z = 3*j - 29, -5*j - 5*z = 4 + 6. Calculate the remainder when u(4) is divided by j.
1
Let x(b) = b**2 - 10*b - 16. Let n be x(9). Let u = 30 + n. What is the remainder when 28 is divided by u?
3
Suppose -2*j + 6 - 2 = 0. Suppose 80 = j*y - 3*g, 4*y + 2*g = 258 - 82. Calculate the remainder when y is divided by 16.
11
Let o(i) = -i**2 - 9*i + 11. Let r be o(-10). Let l(b) = -60*b - 1. Let c be l(r). Calculate the remainder when 79 is divided by (-1 - c)*(-2)/(-6).
19
Suppose 95 - 755 = -30*y. What is the remainder when y is divided by 2?
0
Let l = 184 - 175. Suppose 0*u - u + 1 = -2*g, -4*g - 12 = -4*u. Calculate the remainder when g/3*1*39 is divided by l.
8
Suppose 58 = -3*u - 5*f, 3*f = -0*u - u - 22. Let k = -141 + 143. What is the remainder when (21/(-14))/(3/u) is divided by k?
0
Let m = 163 + -159. What is the remainder when m is divided by 3?
1
Suppose -22 = -3*h - 3*n + 5*n, 60 = 4*h + 5*n. Calculate the remainder when 69 is divided by h.
9
Let o = 56 + -44. Calculate the remainder when 31 is divided by 8/o + 57/9.
3
Let d(k) = -k + 1. Let b(w) be the first derivative of w**2/2 + 5. Let f(a) = b(a) - 3*d(a). What is the remainder when 14 is divided by f(2)?
4
Let m(j) = -j**3 - 14*j**2 + 28*j - 34. Calculate the remainder when m(-16) is divided by 2.
0
Let i(y) = 6*y**2 - 41*y + 8. Calculate the remainder when 148 is divided by i(7).
13
Suppose -10*k + 1436 = -594. What is the remainder when k is divided by 35?
28
What is the remainder when (2799/(-12))/((-36)/48) is divided by 35?
31
Suppose 30*t + 31*t = 13115. Calculate the remainder when t is divided by 7.
5
Suppose -h = 14 - 2. Let a be (8/h)/(2/(-6)). What is the remainder when a*1*392/16 is divided by 13?
10
Let k(d) = 2*d - 4. Let t be k(6). Suppose t*x + 438 - 1870 = 0. Calculate the remainder when x is divided by 10.
9
Let l be (-4)/(-8)*(-1 + (-1)/(-1)). Suppose 7*q - 997 - 88 = l. What is the remainder when q is divided by 13?
12
Suppose 0 = 3*n + 2 - 26. Suppose -4*j + 5*c = -71, -j + 15 = -n*c + 4*c. Calculate the remainder when j is divided by 11.
8
Let d = -13 - -51. Suppose s - 3 = 3*y - d, 0 = 2*y - s - 22. Calculate the remainder when 23 is divided by y.
10
Let i = -27 - -32. Suppose 0 = 2*s + i - 27. Calculate the remainder when 37 is divided by s.
4
Suppose -5*u + 166 = -154. Calculate the remainder when u is divided by 2.
0
Suppose 0 = -b - 20 + 79. Calculate the remainder when 470 is divided by b.
57
Let r(x) be the second derivative of x**4/2 - x**3/6 - 20*x. What is the remainder when 51 is divided by r(-2)?
25
Let v = 2 - 0. Suppose -m = -v*m. Let l = m - -14. Calculate the remainder when 25 is divided by l.
11
Suppose -3*q + 3 + 0 = 0. Let t = 5606 - 5605. Calculate the remainder when t is divided by q.
0
Let f = -167 - -80. Let i = -24 + 53. What is the remainder when 2 + -5 - f*(-2 - -3) is divided by i?
26
Suppose 20*v - 4487 = 6953. Calculate the remainder when v is divided by 37.
17
Let v(m) = 5*m**2 + 5*m + 3. Suppose -i - 205 = -3*q, q + 3*i = 2*q - 63. Suppose z + 2*z - q = 0. Calculate the remainder when z is divided by v(-2).
10
Suppose k + 104 = 5*k. Suppose -7*c + 12 = -3*c, 5*i + 12 = 4*c. Suppose 5*f - f - 300 = i. What is the remainder when f is divided by k?
23
Let q(k) = -k**2 - 8*k + 2. Let u(f) = 18*f - 3. Let y be u(4). Let b = -44 + y. Calculate the remainder when b is divided by q(-7).
7
Suppose -7 = -3*t + 5. Let d = 6 - t. Suppose -d*n - 3*n = -30. Calculate the remainder when n is divided by 2.
0
Let z be (-1)/(-3 + (-56)/(-18)). Let g be z/(-1 + -2) - 5. Calculate the remainder when 71 is divided by ((-4)/g - 2) + 24.
23
What is the remainder when 202 is divided by (34/9)/(44/396)?
32
What is the remainder when (7 - 0 - 5)/(2/30) is divided by 26?
4
Suppose -5 = -s + 4. Suppose -85*q - 42 = -86*q. Calculate the remainder when q is divided by s.
6
Suppose 0 = b - 4*m + 6*m + 14, -5*b - 14 = -4*m. Let p(r) = -r**2 - 6*r + 4. Let a = 86 + -74. Calculate the remainder when a is divided by p(b).
0
Let s(j) = -j**3 - 6*j**2 - 7. Suppose 0*r + 18 = -4*r - i, 5*r + 5*i = -15. Let p be s(r). What is the remainder when 19 is divided by (p/48)/(4/(-66))?
8
Let a = -9 - -4. Let m(s) = -8*s. Let k be m(a). Let n = 73 - k. What is the remainder when n is divided by 9?
6
Let z = -15 + 8. Let n = z - -27. Calculate the remainder when (-708)/(-9) - 8/12 is divided by n.
18
Let x(a) = 18*a + 3. Suppose 3*z = 5*k - 9, 0 = -5*z + k - 6*k + 25. Suppose 2 = r, 31 = z*l - 4*r - 1. What is the remainder when x(3) is divided by l?
17
Let q be 0*(1 + -2) + -13. Let y = q - -18. What is the remainder when ((-345)/(-18))/23 + (-103)/(-6) is divided by y?
3
What is the remainder when 170 is divided by ((-4)/(-16))/(2/232)?
25
What is the remainder when 338 is divided by (19*2/3)/(8/24)?
34
Let y = 30 + 1. Calculate the remainder when -4 + y + 0/2 is divided by 14.
13
Let l(r) = 43*r + 18. Calculate the remainder when l(4) is divided by 13.
8
Suppose -7*i + 0*i + 175 = 0. Let r = 4 + i. Calculate the remainder when 112 is divided by r.
25
Suppose 0 = -3*v + 2*h + 41, -2*v + h + 34 = -2*h. Calculate the remainder when 141 is divided by v.
9
Suppose 72 = -5*f - f. Let w = f - -39. What is the remainder when w is divided by 10?
7
Let w be (-26)/(-13) + (280 - (-4)/(-2)). Calculate the remainder when 46 is divided by ((-1)/(-2))/(14/w).
6
Let w(o) = -3*o + 12 + 6*o - 5. Let r(k) = -6*k - 14. Let f(b) = 2*r(b) + 5*w(b). Calculate the remainder when 85 is divided by f(5).
19
Let q = 19 + -8. Let y = -49 - -90. Suppose 85 + y = 3*p. Calculate the remainder when p is divided by q.
9
Suppose 5*j - 49 = 4*u, j - u = u + 5. Suppose -11 = -b - 3*q, -b - 3*q + 15 = q. Let y = j + b. What is the remainder when 47 is divided by y?
11
Suppose -5*r - 4*l = -198, 32*r = 29*r - l + 123. Calculate the remainder when 117 is divided by r.
33
Suppose -3*m - 2*m = 0, i = -2*m + 21. Suppose -2*p + i = -p. What is the remainder when p is divided by ((-18)/12)/((-9)/36)?
3
Let a = 46 - 53. Calculate the remainder when 25 is divided by (-9)/(a + 9 - (3 + 0)).
7
Let y(w) = 5*w - 88. What is the remainder when 23 is divided by y(18)?
1
Suppose 0*i - 2*i + 173 = -5*n, -2*n + 10 = 0. Calculate the remainder when i is divided by 30.
9
Suppose -20 = -10*a + 6*a. Suppose -10 = -a*h - 0. Calculate the remainder when 19 is divided by h.
1
Suppose 18 = r + 5*n - 24, n + 84 = 2*r. Suppose 2 = j - 0*j. Let f(o) = -o**3 + 5*o**2 - 1. Calculate the remainder when r is divided by f(j).
9
Suppose -6*b + 0*b - 96 = 0. Calculate the remainder when 44 is divided by ((-90)/(-4))/3*b/(-10).
8
Let d be (6/(-1))/(210/(-65) + 3). Let q = -53 + 16. Let z = d - q. Calculate the remainder when z is divided by 16.
15
Suppose 3*y - 2*y - 32 = -5*m, -4*y + 9 = 3*m. Suppose -2*p = -2*f + 5 + m, f + 5*p = 36. What is the remainder when 14 is divided by 2 + (-1 - 4) + f?
6
Let b(z) = -3*z**2 + 37*z - 33. What is the remainder when 265 is divided by b(10)?
6
Let l(f) = 11*f. Let m = 72 - 63. What is the remainder when l(m) is divided by 25?
24
Let q = 55 - 30. Suppose 0 = 39*j - 46*j + 679. Calculate the remainder when j is divided by q.
22
Let b = 17 - 8. Let d = 35 + -4. Let f = d + -14. Calculate the remainder when f is divided by b.
8
Let k = -35 - -38. Suppose -5*o - 56 = -3*r + k, -4*o = -8. What is the remainder when r is divided by 4?
3
What is the remainder when 70 is divided by (-2)/8 + 17/((-68)/(-93))?
1
What is the remainder when 125 is divided by (1 + 6)/((-1)/(-3))?
20
Suppose -3*i + 380 = 5*d, 2*i + 101 = 3*d - 127. What is the remainder when 374 is divided by d?
70
Let a(q) = 23*q - 34. Let g be a(6). Suppose 3*r + 65 - g = 0. Calculate the remainder when 205 is divided by r.
10
Suppose -3*b + 22 = 2*q - 0*b, 